r when l(-4) is divided by d?
16
Let o(h) = h**2 - 4*h - 14. Let x = 48 + -40. What is the remainder when (-1)/((16/276)/(-4)) is divided by o(x)?
15
Suppose 4*h - 27 = 21. Let l = h - -73. Let q = l + -72. What is the remainder when 45 is divided by q?
6
What is the remainder when 464 is divided by -1*((-350)/3 - 60/180)?
113
Let m(i) = -200*i + 1077. Calculate the remainder when m(5) is divided by (-4)/((-16)/44) + -1.
7
Suppose -w = -3*w + 18. Suppose -2*m - 2*m - h - w = 0, -4*m = -h + 7. Let p(v) = 11*v**2 + 4*v + 3. Calculate the remainder when 75 is divided by p(m).
36
Suppose 3*f - 160 = -2*f - 2*l, 2*f + 4*l - 64 = 0. Let k = 167 + -107. Let i = k + -41. Calculate the remainder when f is divided by i.
13
Suppose 3 - 7 = -2*p. Suppose -135 = -61*y + 122 + 48. What is the remainder when y is divided by p?
1
Let w(z) = z**3 - 10*z**2 - 8*z + 22. Let p be w(9). Let u = p - -242. Suppose u - 60 = t. What is the remainder when t is divided by 18?
15
Let j = 27 + -20. Let i be (7 + (j - 12))/(4/214). Suppose -2*y - i = -3*y. Calculate the remainder when y is divided by 18.
17
Let x(g) = 43*g**3 - 10*g**2 + 2*g - 30. What is the remainder when x(5) is divided by 35?
30
Suppose q - 4*q + 9 = 0. Suppose 1 = 2*u - q. Calculate the remainder when (-750)/(-9) + u/3 is divided by 29.
26
Let t(s) = -4*s**2 - 32*s + 5. Suppose 4*u + 13 = -3*k, -k + 5*k = 3*u - 59. Let p be t(k). Let y = p - -131. What is the remainder when 13 is divided by y?
1
Let n(v) = -v**3 + 11*v**2 - 16*v + 12. Let u be n(8). Let b = u - 99. Let i = -7 - b. What is the remainder when 191 is divided by i?
15
Suppose -3*p + 5*p = 16. Suppose -5*f = -p*f + 69. Suppose -7*b + 2*j + 26 = -3*b, b - 5*j - 20 = 0. Calculate the remainder when f is divided by b.
3
What is the remainder when 1539 is divided by 10 + 3 + (-12)/4?
9
Suppose -98 = -4*u + s, -3*u = -5*s - 88 + 6. Suppose 8*t - 84 = 4*t. What is the remainder when ((-13)/((-156)/(-40)))/((-2)/u) is divided by t?
19
Let x = 3371 + -1074. What is the remainder when x is divided by 6?
5
Suppose 21*w - 4287 + 273 = 2370. Calculate the remainder when w is divided by 175.
129
Suppose -2*p - 66 = -24*p. Suppose p*s + 8*g = 11*g + 51, -4*g = -s + 23. Calculate the remainder when 48 is divided by s.
3
Suppose 0 = 11*l - 27*l + 15*l + 41. Calculate the remainder when 158 is divided by l.
35
Let p(i) = 53*i - 2. Let l(s) = -4*s**2 - 82*s - 219. What is the remainder when p(2) is divided by l(-17)?
9
Let z(c) = -25*c - 11. Let f be 2/(3 - 10/4). Let l be (5 - f)*1*(1 + -5). Calculate the remainder when z(l) is divided by 31.
27
Suppose 5*s - 5*o = 6 + 24, 2*s = -4*o. Suppose -372 = s*x - 4*q, -q = -4*x + q - 366. Let d = x - -109. What is the remainder when 54 is divided by d?
16
Let j be (-290)/4*(10 + 56/20). Let s = j + 957. What is the remainder when 86 is divided by s?
28
Suppose -960 = 13*p - 17*p. What is the remainder when 42/(-8)*p/(-20) is divided by 34?
29
Let f = 7 + 8. Let u(y) = -1672*y - 40104. Calculate the remainder when u(-24) is divided by f.
9
Let m(k) = -22*k + 1512. Calculate the remainder when m(46) is divided by 23.
17
Let w = -6352 - -6429. Calculate the remainder when 1230 is divided by w.
75
Suppose 9*c - 26*c = -8194. Suppose -176 = 18*v - c. Let a = -22 + 50. What is the remainder when a is divided by v?
11
Suppose t = 2*t - 26. Let d = 94 + -208. Let m = 117 + d. What is the remainder when t is divided by m?
2
Suppose v = 3*v - 868. Let q = v - 390. What is the remainder when 481 is divided by q?
41
Let d be 1330/((-20)/(-4)) - (-10 - -15). Suppose 3*x + 4*j - d = 54, 187 = 2*x - 5*j. Suppose -w + 24 = 2*w. What is the remainder when x is divided by w?
5
Suppose -w + 276 = 3*w. Suppose 2 = -2*a + 10. Suppose 0 = 2*o - a*o + 30. Calculate the remainder when w is divided by o.
9
Let u(q) = q**2 + 10*q + 10. Suppose -6*f - 14 = -13*f. Suppose -c + 4*o = -35, 0*c + 147 = 3*c + f*o. Calculate the remainder when c is divided by u(-10).
7
Let r(s) = 2*s**2 - 13*s + 25. Let z = 83 + -76. Calculate the remainder when (-6)/8*-63*4 is divided by r(z).
29
Let p = 7 + -9. Let o(t) = -t**3 - t**2 + 4*t + 4. Let m be o(p). Suppose m = 51*q - 44*q - 154. What is the remainder when 107 is divided by q?
19
Let t(l) = l + 4. Let p be t(-5). Let u(v) = v**2 + 131*v + 2656. Calculate the remainder when (3 + -36)*1/p is divided by u(-25).
3
Suppose -42*d + 54*d = 216. Suppose -2*n - 358 + 73 = -3*s, 2*s = 5*n + 179. Calculate the remainder when s is divided by d.
7
Let q be (13 - 28)*(159/9 + 0). What is the remainder when (-558)/(-5) - (-11 + q/(-25)) is divided by 38*(3 + (0 - 2))?
36
Let p be ((-64)/(-36) - 2)*-9. Calculate the remainder when -3 + -1 + 308/p is divided by (-2)/(4/248*-4).
26
Let z = 555 + -540. Suppose z*s - 42 = 13*s. What is the remainder when 355 is divided by s?
19
Suppose 2*k - 8809 = -235. What is the remainder when k is divided by 66?
63
Let s(q) = 16*q**2 + 12*q - 28. Let p be s(4). Let x(o) = -260 - 19*o + p - 29*o. Calculate the remainder when x(-3) is divided by 23.
22
Suppose 76417 = 27*w + 21*w - 56591. Calculate the remainder when w is divided by 132.
131
Suppose o + 98 = 15. Let s = 88 + o. Suppose -2*b - s = -79. Calculate the remainder when 73 is divided by b.
36
What is the remainder when (-19)/(-57) + ((-34)/8)/(24/(-128)) is divided by 13?
10
Let x = 114 - 60. Let w be (-158)/(-18) + 10/45. What is the remainder when x is divided by 19*(-3)/(w/(-3))?
16
Calculate the remainder when 273 is divided by ((-726)/4)/(24/(-16)).
31
Suppose -24*s - 64*s = -440. Calculate the remainder when 440 is divided by s.
0
Suppose 4*w + 37 = 3*s - w, -w - 21 = -4*s. Suppose -238 = -5*a + 2*y, s*a - 203 + 35 = -4*y. What is the remainder when a is divided by 26?
20
Let f be (-812)/16*30/(-35)*8. Suppose 11*p = 8*p + 3*l + f, 2*l = 0. Let c = -69 - -99. What is the remainder when p is divided by c?
26
Let s be (12 - 1) + (-19 - -17). Let d(m) = 18 + 2*m**2 + s*m**2 - 12*m**2 - 55 + 15*m. What is the remainder when 65 is divided by d(8)?
8
Let h(p) be the second derivative of -p**4/12 - p**3/3 + 13*p**2/2 - 3*p - 7. What is the remainder when 23 is divided by h(-3)?
3
Let h(n) be the third derivative of 17*n**4/24 + n**3 + 2*n**2. Let j(k) = 360*k - 1051. What is the remainder when h(8) is divided by j(3)?
26
Suppose -2*x + 43 = -5*d, 3*d = 464*x - 466*x + 51. Calculate the remainder when 1102 is divided by x.
22
Let q(j) = -2*j**3 - 89*j**2 - 341*j - 31. Suppose 4*b + 8 = 5*b. What is the remainder when q(-4) is divided by b?
5
Let f(v) = 3*v**2 + 97*v + 34. Let y be f(-32). Suppose y*l + 3*c - 27 = 0, 11*l - 5*c + 42 = 14*l. What is the remainder when 20 is divided by l?
2
Suppose 0 = 3*d + 17*d - 0*d - 580. What is the remainder when 824 is divided by d?
12
Let l be -5*(8 - (1 + 5))*-4. What is the remainder when l - (5 - 0) - (-1 - -3) is divided by 9?
6
Let u(y) = -32*y**3 + 2*y + 1. Calculate the remainder when 105 - (-34 + (-24 - -49))*(-28)/18 is divided by u(-1).
29
Suppose -2*v + 8 = -3*g, v = 6*v - 20. Suppose -f + p + 9 = g, 0 = -17*p + 20*p + 6. Let h(c) = c**2 + c + 5. What is the remainder when h(-4) is divided by f?
3
Calculate the remainder when 1421 is divided by (-328)/(-12)*(-135)/(-45).
27
Suppose 170*v - 4 = 171*v, -3*v = -3*p - 315. Suppose 2*q - 580 = -2*q. Let m = p + q. Calculate the remainder when m is divided by 22.
14
Let f(w) = w**3 + 5*w**2 + 5*w + 4. Let d be f(-3). What is the remainder when 51 is divided by ((-189)/d - -1)/(0 + -2)?
12
Suppose -3*g - 17 = r - 5*r, 4*r + g - 5 = 0. Suppose i + 5*f = -8, 0 = 2*i - r*f + f - 6. Calculate the remainder when 103 is divided by i.
1
Let u be (18/(-8))/(3/(-19 + -5)). Suppose -7*y + u + 17 = 0. Suppose x - y = 10. What is the remainder when x is divided by 4?
3
Calculate the remainder when 425 - ((-3)/4)/(-5 - (-168)/32) is divided by 223.
205
Suppose 0 = -55*n + 87*n - 49*n + 425. Calculate the remainder when 2220 is divided by n.
20
Suppose 2*m - 3*m - 3*j + 33 = 0, 4*m = 2*j + 76. Let q = 11 - 7. Suppose -q*u - m = -k - 0*u, u + 30 = k. Calculate the remainder when k is divided by 17.
16
Let n(m) = -2*m + 20. Let k be n(-4). Let b(t) = t**2 - 25*t + 14. Suppose -25 - 26 = -a. What is the remainder when b(k) is divided by a?
47
Le